15) in base 14?
-1a6751
-160014 (base 7) to base 11
-21506
Convert 699998 (base 10) to base 8.
2527136
-2001102102121 (base 3) to base 12
-447381
-1174522 (base 8) to base 2
-1001111100101010010
What is 214251 (base 8) in base 4?
101202221
-1266051 (base 7) to base 13
-5b48b
What is 744601 (base 10) in base 3?
1101211101211
91126 (base 12) to base 14
4c9c2
Convert 1003456 (base 7) to base 10.
118915
Convert a33945 (base 11) to base 12.
680490
472042 (base 8) to base 7
1236545
Convert -1aa921 (base 11) to base 2.
-1001110100101011011
-333313130 (base 5) to base 4
-11211103310
Convert 148866 (base 11) to base 12.
b1a33
10013110302 (base 4) to base 13
2b9c17
Convert 2de8d (base 15) to base 7.
1155451
What is 11123205 (base 6) in base 16?
52715
-321332310010 (base 4) to base 12
-5110004
What is -32124262 (base 7) in base 4?
-22122101122
Convert -2eb1c (base 16) to base 10.
-191260
-145015251 (base 7) to base 12
-3295410
-10010110101010111010 (base 2) to base 5
-124222041
1e42dc (base 15) to base 10
1482282
14050 (base 14) to base 9
74757
2011200002002 (base 3) to base 4
10121323220
-3ab3e (base 16) to base 10
-240446
-9897 (base 11) to base 6
-140233
307bd (base 14) to base 13
41208
What is -110670 (base 9) in base 2?
-10000001001101111
Convert 504439 (base 10) to base 4.
1323021313
Convert 5a81c3 (base 13) to base 15.
2c9ed9
Convert -25a231 (base 13) to base 10.
-907739
What is -1000001001000111 (base 2) in base 6?
-414223
12104405 (base 6) to base 14
9d325
What is -120143322 (base 5) in base 16?
-87002
-2220111020102 (base 3) to base 16
-1792dc
-231213101 (base 4) to base 12
-90155
-10660640 (base 10) to base 2
-101000101010101100100000
What is -37c3b0 (base 13) in base 16?
-147594
What is 352065 (base 7) in base 2?
1111011010110111
Convert -10000010010001000 (base 2) to base 4.
-100102020
29e3c0 (base 16) to base 14
516676
1100211120 (base 3) to base 2
110100011100101
-215ab (base 15) to base 8
-316667
What is -c5369 (base 14) in base 16?
-74101
Convert a64666 (base 12) to base 10.
2620590
10101100110101110101 (base 2) to base 13
1ba313
What is -1ad12a (base 14) in base 15?
-13dc45
What is -110313133223 (base 4) in base 6?
-313124535
-5530541 (base 8) to base 10
-1487201
Convert b9819b (base 12) to base 10.
2937863
What is -988233 (base 12) in base 4?
-21032231013
What is -3bb892 (base 15) in base 7?
-33300122
Convert 1000111111111010011 (base 2) to base 7.
2335446
What is -202021112101 (base 3) in base 8?
-1413457
Convert -441215 (base 10) to base 11.
-281545
Convert 22630231 (base 7) to base 12.
7bbb31
269974 (base 13) to base 11
589810
Convert -397485 (base 11) to base 10.
-624816
What is 892248 (base 11) in base 2?
101011011011100011101
What is 35458 (base 13) in base 7?
554005
Convert 201200222110 (base 3) to base 10.
387813
Convert -627eb1 (base 15) to base 10.
-4684441
What is -d410 (base 15) in base 4?
-22323312
Convert -9a8b8a (base 13) to base 6.
-210055152
What is 2602 (base 15) in base 13?
38c3
What is -1101100001100010101001 (base 2) in base 13?
-9718b1
Convert 12120102221 (base 3) to base 8.
326150
-542315 (base 6) to base 5
-2411430
Convert -1100011100212 (base 3) to base 14.
-14756a
-205548 (base 10) to base 5
-23034143
What is 3b148 (base 13) in base 10?
110079
What is 1000121211001 (base 3) in base 16?
84bd4
-3130113342 (base 5) to base 12
-220ab85
4441003 (base 6) to base 16
3679b
13309 (base 10) to base 3
200020221
Convert -30014 (base 11) to base 8.
-125642
Convert 819528 (base 10) to base 16.
c8148
Convert -230110303 (base 4) to base 13.
-6483a
What is -11098 (base 13) in base 9?
-46324
19b7ab (base 12) to base 10
455603
What is 11120022122001 (base 3) in base 10?
2427301
-2696b (base 12) to base 4
-30333203
-62fea (base 16) to base 8
-1427752
24838 (base 9) to base 13
77c3
What is 1121001222 (base 4) in base 7?
3046056
Convert 2311234021 (base 5) to base 10.
5180511
Convert 2e81a (base 16) to base 9.
320265
2218d (base 16) to base 4
202012031
543746 (base 11) to base 3
1122010122102
What is 5137 (base 8) in base 13?
1293
-110212110011220 (base 3) to base 8
-32055141
1542a (base 12) to base 15
8d41
What is -17208657 (base 9) in base 7?
-133222063
What is 60e9e (base 15) in base 3?
120121012012
What is 1720e (base 15) in base 14?
1d32a
Convert 20313201300 (base 4) to base 16.
237870
Convert -375959 (base 13) to base 7.
-14163005
What is 356 (base 14) in base 7?
1636
Convert -140230203 (base 5) to base 13.
-1bb9b8
-5541d (base 15) to base 13
-96418
-21989b (base 13) to base 16
-c1750
What is 225150333 (base 6) in base 14?
7a6705
What is -1054335 (base 6) in base 5?
-3213011
-11653553 (base 7) to base 12
-42a89b
Convert -2223404 (base 5) to base 4.
-21210331
Convert 16b046 (base 14) to base 6.
25041022
Convert 1020342432 (base 5) to base 6.
113250145
-7b72c (base 15) to base 4
-1133332131
-45648 (base 9) to base 4
-13123103
Convert 2a975a (base 11) to base 6.
14152415
What is 1453201 (base 7) in base 16?
3057a
-12131332331 (base 4) to base 11
-a58a95
1212311333 (base 4) to base 2
1100110110101111111
7065731 (base 8) to base 7
21555241
Convert 364228 (base 10) to base 4.
1120323010
32446014 (base 8) to base 13
159ba80
What is -12220011120110 (base 3) in base 2?
-1011111100111000000010
What is -ddcb (base 16) in base 8?
-156713
Convert 2299433 (base 12) to base 11.
38480aa
Convert 332a4 (base 13) to base 11.
63755
What is 534341 (base 7) in base 15?
1c75b
Convert 4143116 (base 8) to base 2.
100001100011001001110
What is -3333212113 (base 4) in base 10?
-1046935
Convert -1546867 (base 9) to base 13.
-240700
Convert -40684 (base 12) to base 3.
-11021002201
-319671 (base 11) to base 9
-857337
Convert 19a23a9 (base 13) to base 11.
4858498
What is -1101001010000001000100 (base 2) in base 16?
-34a044
Convert c978c8 (base 16) to base 15.
125c2db
Convert 1110010011110000110 (base 2) to base 14.
c2c2a
What is 165255 (base 9) in base 8?
307600
What is -23450510 (base 6) in base 2?
-10110100000101001010
Convert -800783 (base 9) to base 8.
-1633712
-3b054ba (base 13) to base 16
-11b7450
-1aaa2 (base 13) to base 16
-cc81
Convert 114511 (base 10) to base 3.
12211002011
10110012102211 (base 3) to base 6
103152551
What is -2270 (base 16) in base 15?
-292b
What is -115244466 (base 7) in base 4?
-123203002233
-3c7668 (base 13) to base 16
-167a42
What is 44ab9 (base 13) in base 5?
12443444
Convert 4873bb (base 15) to base 14.
663692
Convert 10421033 (base 5) to base 2.
10110011101110010
-3011200212 (base 4) to base 5
-201341443
Convert 10120012211221 (base 3) to base 16.
1ce5c8
Convert 22000002101 (base 3) to base 12.
771b4
Convert -35965 (base 10) to base 9.
-54301
What is -10132433 (base 5) in base 15?
-19b13
2201005 (base 6) to base 4
122220131
20067 (base 15) to base 6
2101111
What is -4234430 (base 5) in base 8?
-213110
Convert -101211101121010 (base 3) to base 5.
-2433131121
-1d6964 (base 14) to base 3
-1222121221101
What is 194db4d (base 14) in base 10?
12561513
What is -124413002 (base 5) in base 14?
-122dd3
60757707 (base 8) to base 3
220011011210022
Convert -396895 (base 11) to base 2.
-10011000010101101100
What is -1020120022012 (base 3) in base 4?
-2201103113
Convert -3634a28 (base 12) to base 3.
-201210112211112
-26c491 (base 13) to base 3
-1202210221221
3a558 (base 16) to base 14
6310c
472291 (base 13) to base 4
12130211131
205448 (base 11) to base 2
1010000011001001101
-4141146 (base 7) to base 12
-1bba49
-22c671 (base 15) to base 16
-195c04
-45a20 (base 12) to base 14
-25ca4
Convert 3010252 (base 6) to base 13.
4c466
57669 (base 14) to base 9
353514
-51993 (base 13) to base 4
-203303103
What is -800568 (base 10) in base 9?
-1450150
-6032 (base 13) to base 7
-53360
610383 (base 11) to base 12
3b3b35
Convert 22022201122200 (base 3) to base 14.
831dd6
61d49e (base 15) to base 7
54353045
579f5 (base 16) to base 14
94b1b
-13b34a7 (base 14) to base 11
-544a716
What is -11011111111000011 (base 2) in base 15?
-23e6c
What is 23aba (base 12) in base 14?
13818
Convert 140631 (base 7) to base 15.
7dbc
Convert -131530112 (base 6) to base 3.
-11220112201122
Convert 14d93 (base 14) to base 9.
78374
-1050376 (base 8) to base 3
-112101000222
-40769a (base 11) to base 14
-13067a
-14114103 (base 5) to base 10
-144903
What is 5760160 (base 9) in